actors of 184.
2, 23
What are the prime factors of 2731?
2731
What are the prime factors of 798?
2, 3, 7, 19
List the prime factors of 1660.
2, 5, 83
List the prime factors of 1101.
3, 367
List the prime factors of 2575.
5, 103
List the prime factors of 74546.
2, 37273
List the prime factors of 696.
2, 3, 29
List the prime factors of 3546.
2, 3, 197
What are the prime factors of 6639?
3, 2213
What are the prime factors of 712?
2, 89
List the prime factors of 92.
2, 23
What are the prime factors of 2244?
2, 3, 11, 17
What are the prime factors of 518?
2, 7, 37
What are the prime factors of 1426?
2, 23, 31
List the prime factors of 9543.
3, 3181
List the prime factors of 87186.
2, 3, 11, 1321
List the prime factors of 7204.
2, 1801
List the prime factors of 45237.
3, 17, 887
List the prime factors of 282.
2, 3, 47
List the prime factors of 11416.
2, 1427
What are the prime factors of 4280?
2, 5, 107
What are the prime factors of 1488?
2, 3, 31
List the prime factors of 19435.
5, 13, 23
List the prime factors of 49259.
7, 31, 227
List the prime factors of 14445.
3, 5, 107
What are the prime factors of 11311?
11311
List the prime factors of 2440.
2, 5, 61
List the prime factors of 1163.
1163
List the prime factors of 25992.
2, 3, 19
What are the prime factors of 9591?
3, 23, 139
List the prime factors of 119834.
2, 11, 13, 419
What are the prime factors of 3341?
13, 257
List the prime factors of 17458.
2, 7, 29, 43
List the prime factors of 18447.
3, 11, 13, 43
What are the prime factors of 34607?
34607
What are the prime factors of 699?
3, 233
What are the prime factors of 912?
2, 3, 19
List the prime factors of 27183.
3, 13, 17, 41
What are the prime factors of 140?
2, 5, 7
List the prime factors of 444.
2, 3, 37
List the prime factors of 60783.
3, 20261
List the prime factors of 217.
7, 31
List the prime factors of 1163.
1163
List the prime factors of 1450.
2, 5, 29
List the prime factors of 43353.
3, 4817
List the prime factors of 15794.
2, 53, 149
List the prime factors of 354.
2, 3, 59
List the prime factors of 5630.
2, 5, 563
List the prime factors of 827.
827
List the prime factors of 3500.
2, 5, 7
What are the prime factors of 2987?
29, 103
What are the prime factors of 3190?
2, 5, 11, 29
List the prime factors of 245.
5, 7
What are the prime factors of 54995?
5, 17, 647
List the prime factors of 26354.
2, 13177
List the prime factors of 733.
733
List the prime factors of 979.
11, 89
List the prime factors of 6506.
2, 3253
List the prime factors of 7164.
2, 3, 199
What are the prime factors of 940?
2, 5, 47
List the prime factors of 13012.
2, 3253
What are the prime factors of 3732?
2, 3, 311
List the prime factors of 26758.
2, 17, 787
List the prime factors of 80948.
2, 7, 59
List the prime factors of 1997.
1997
What are the prime factors of 40?
2, 5
List the prime factors of 148.
2, 37
List the prime factors of 4326.
2, 3, 7, 103
List the prime factors of 4058.
2, 2029
What are the prime factors of 70661?
19, 3719
List the prime factors of 5285.
5, 7, 151
List the prime factors of 7686.
2, 3, 7, 61
What are the prime factors of 976?
2, 61
What are the prime factors of 40330?
2, 5, 37, 109
What are the prime factors of 25573?
107, 239
List the prime factors of 1766.
2, 883
List the prime factors of 640.
2, 5
List the prime factors of 863.
863
List the prime factors of 4538.
2, 2269
List the prime factors of 3915.
3, 5, 29
What are the prime factors of 1523?
1523
List the prime factors of 28201.
28201
What are the prime factors of 10870?
2, 5, 1087
List the prime factors of 89771.
11, 8161
List the prime factors of 6532.
2, 23, 71
List the prime factors of 11579.
11579
What are the prime factors of 1771?
7, 11, 23
List the prime factors of 7948.
2, 1987
List the prime factors of 180.
2, 3, 5
List the prime factors of 773.
773
List the prime factors of 3493.
7, 499
What are the prime factors of 116?
2, 29
List the prime factors of 58347.
3, 2161
What are the prime factors of 891?
3, 11
List the prime factors of 3054.
2, 3, 509
List the prime factors of 686.
2, 7
What are the prime factors of 8063?
11, 733
List the prime factors of 1411.
17, 83
What are the prime factors of 35117?
35117
What are the prime factors of 52676?
2, 13, 1013
What are the prime factors of 5201?
7, 743
List the prime factors of 70603.
13, 5431
List the prime factors of 11170.
2, 5, 1117
List the prime factors of 5692.
2, 1423
List the prime factors of 502.
2, 251
List the prime factors of 85557.
3, 19, 79
What are the prime factors of 23297?
23297
What are the prime factors of 902?
2, 11, 41
What are the prime factors of 618?
2, 3, 103
List the prime factors of 14739.
3, 17
List the prime factors of 173.
173
List the prime factors of 84422.
2, 13, 17, 191
What are the prime factors of 3856?
2, 241
List the prime factors of 65844.
2, 3, 31, 59
List the prime factors of 164.
2, 41
What are the prime factors of 101?
101
What are the prime factors of 2549?
2549
What are the prime factors of 1077?
3, 359
List the prime factors of 9973.
9973
List the prime factors of 18278.
2, 13, 19, 37
List the prime factors of 561.
3, 11, 17
List the prime factors of 2368.
2, 37
What are the prime factors of 1947?
3, 11, 59
List the prime factors of 2134.
2, 11, 97
What are the prime factors of 3425?
5, 137
What are the prime factors of 672?
2, 3, 7
List the prime factors of 15558.
2, 3, 2593
List the prime factors of 25570.
2, 5, 2557
What are the prime factors of 3645?
3, 5
List the prime factors of 126498.
2, 3, 29, 727
What are the prime factors of 511?
7, 73
List the prime factors of 159.
3, 53
What are the prime factors of 39758?
2, 103, 193
What are the prime factors of 8791?
59, 149
List the prime factors of 2071.
19, 109
What are the prime factors of 5367?
3, 1789
What are the prime factors of 1562?
2, 11, 71
What are the prime factors of 18140?
2, 5, 907
List the prime factors of 14622.
2, 3, 2437
List the prime factors of 1393.
7, 199
List the prime factors of 14.
2, 7
What are the prime factors of 5593?
7, 17, 47
List the prime factors of 141996.
2, 3, 11833
List the prime factors of 18923.
127, 149
List the prime factors of 10229.
53, 193
What are the prime factors of 859?
859
What are the prime factors of 4068?
2, 3, 113
What are the prime factors of 5118?
2, 3, 853
List the prime factors of 2136.
2, 3, 89
What are the prime factors of 190502?
2, 13, 17, 431
List the prime factors of 80996.
2, 20249
What are the prime factors of 39124?
2, 9781
What are the prime factors of 23691?
3, 53, 149
List the prime factors of 17589.
3, 11, 13, 41
What are the prime factors of 8829?
3, 109
List the prime factors of 822.
2, 3, 137
List the prime factors of 373.
373
List the prime factors of 66952.
2, 8369
What are the prime factors of 2544?
2, 3, 53
What are the prime factors of 4731?
3, 19, 83
What are the prime factors of 174?
2, 3, 29
List the prime factors of 32244.
2, 3, 2687
What are the prime factors of 2217?
3, 739
List the prime factors of 104286.
2, 3, 7, 13, 191
What are the prime factors of 2771?
17, 163
List the prime factors of 11553.
3, 3851
List the prime factors of 19721.
13, 37, 41
What are the prime factors of 4291?
7, 613
List the prime factors of 1928.
2, 241
List the prime factors of 438.
2, 3, 73
What are the prime factors of 62392?
2, 11, 709
What are the prime factors of 689?
13, 53
List the prime factors of 5985.
3, 5, 7, 19
List the prime factors of 9269.
13, 23, 31
List the prime factors of 7598.
2, 29, 131
What are the prime factors of 117472?
2, 3671
What are the prime factors of 5962?
2, 11, 271
What are the prime factors of 1605?
3, 5, 107
What are the prime factors of 9314?
2, 4657
List the prime factors of 1959.
3, 653
List the prime factors of 110992.
2, 7, 991
List the prime factors of 732.
2, 3, 61
What are the prime factors of 219?
3, 73
List the prime factors of 7520.
2, 5, 47
What are the prime factors of 116959?
116959
List the prime factors of 435.
3, 5, 29
What are the prime factors of 657?
3, 73
What are the prime factors of 137149?
23, 67, 89
What are the prime factors of 2265?
3, 5, 151
List the prime factors of 342.
2, 3, 19
List the prime factors of 120776.
2, 31, 487
What are the prime factors of 45352?
2, 5669
List the prime fact